he prime factors of w.
2, 5
Let g(u) = -u**3 - 29*u**2 - 30*u - 46. What are the prime factors of g(-28)?
2, 5
Suppose 3*v - 53 = -z, 8*z - 13*z + 4*v + 341 = 0. List the prime factors of z.
5, 13
Let a(z) = z + 1. Let g(y) = y**2 + 3*y - 7. Let x(k) = a(k) + g(k). Let t be (-1)/(3*(-3)/(-54)). List the prime factors of x(t).
2, 3
Suppose 0 = -2*i + 1 - 3. List the prime factors of 1 + 1 - (i - 3).
2, 3
Suppose -4*h - 4 = -6*h. Suppose -4*c = -o - 39, -o + 2*o - 21 = -h*c. List the prime factors of c.
2, 5
Let d(h) = h**2 - 2*h + 7. Suppose 4*y - 40 = -5*c, 4*y = -0*y + 5*c. What are the prime factors of d(y)?
2, 11
Let z(b) = b**2 + 26. What are the prime factors of z(0)?
2, 13
Suppose -3*k + 5 = -2*k - 4*t, 4*k = -4*t. What are the prime factors of 6/3*1/k?
2
Suppose -2*y - 25 = -7*y. Let d(u) = -3*u**2 - y*u**2 + u - u**3 + 2*u**3. List the prime factors of d(8).
2
Let j = 0 - 1. List the prime factors of (1/j - -1) + 7.
7
Let x(w) = 2*w**2 - 8*w + 8. Let t(q) = 1. Suppose 5*o + 1 = 5*j - 9, 0 = 4*j + 4*o. Let r(p) = j*x(p) - 4*t(p). List the prime factors of r(5).
2, 7
Let t(n) = -3*n + 2*n + 0*n - 1 + 11. What are the prime factors of t(-7)?
17
Let r(u) = -5*u**2 + u**3 + 4 + 7*u - 3*u + 0*u**3. What are the prime factors of r(4)?
2
Suppose w - 213 = -2*w. What are the prime factors of w?
71
Suppose 405 = 4*y + 105. Suppose 4*s = 5*g - y, 3*g + g - 56 = 4*s. List the prime factors of g.
19
Suppose -h - 8 = 5*o - 2*o, 0 = 5*h - 5. Let d be 4/(0 - o/24). Suppose -d - 7 = -3*r. What are the prime factors of r?
13
Let c be ((-8)/10)/((-4)/10). Let k = c + 0. Suppose 4*o - 40 = -k*n, -7*o = -2*o - 25. List the prime factors of n.
2, 5
What are the prime factors of 57/(-12) + 5 - (-235)/4?
59
Let v(r) be the second derivative of -2*r**3/3 - 2*r**2 - 3*r. Let o be v(-8). Suppose 3*x - o = -x. List the prime factors of x.
7
Suppose 5*d = 2 + 13. Suppose 4*n = d*n + 12. List the prime factors of n.
2, 3
Suppose -5*w + 220 = -5*c, 2*c - 114 = -3*w - c. What are the prime factors of w?
41
Suppose -l = -6*l. Suppose -8*a + 4*a + 8 = l. What are the prime factors of (a/(-4))/((-2)/44)?
11
Let f(g) = -4*g - 3. Let l be f(-2). Suppose 51 = l*n + 11. What are the prime factors of n?
2
Let a = -9 - -16. Suppose -4*y = a + 5. Let z = 5 - y. What are the prime factors of z?
2
Suppose -31*f + 30*f = -117. List the prime factors of f.
3, 13
Suppose 0*l = -2*l - 4*u + 174, 5*l = 3*u + 448. What are the prime factors of l?
89
Let q be 45/18*8/10. Suppose -5*y - 4*n + 6 = 0, y + 5*n - n + q = 0. What are the prime factors of y?
2
Let x(l) = -l**2 - 4*l - 3. Let q(i) = i - 9. Let b be q(7). Let r be x(b). Suppose d - 5 = r. List the prime factors of d.
2, 3
Let o(s) = 3*s - 1. Let v(a) = -2*a**3 - a**2 + 4*a + 3. Let r be v(-2). What are the prime factors of o(r)?
2, 5
Suppose 4*i + 4*u - 432 = -0*u, -3*u = -2*i + 241. What are the prime factors of i?
113
Let m(x) be the second derivative of x**5/20 + x**4/2 - x**3/6 + x**2 - x. Suppose 0 = p + 5 + 1. What are the prime factors of m(p)?
2
Let v = -131 + 184. What are the prime factors of v?
53
Suppose -4*v = 3 + 1. Let x be 2 - (-3 - v)/2. Suppose -17 = x*r - 53. List the prime factors of r.
2, 3
Let x be ((-5 - 0) + 2)/1. Let q(i) = -i - 2. Let y be q(-3). Let p = y - x. What are the prime factors of p?
2
Suppose d = 3*j - 3, -2*d + 1 = 2*j - 1. Suppose 5*w - 20 = d, -44 = -5*a + 4*w - 0*w. What are the prime factors of a?
2, 3
Let m(d) = -8*d - 51. What are the prime factors of m(-19)?
101
Suppose 5*m + 0 = 15, -4*t + 166 = 2*m. What are the prime factors of t?
2, 5
Let c(w) = 2*w**2 - 22*w - 12. What are the prime factors of c(19)?
2, 73
Let n(m) = m**2 + 3*m - 5. Let c be n(-5). Let r(o) = 5*o - 6. Let u(d) = -3*d + 3. Let k(i) = -4*r(i) - 7*u(i). What are the prime factors of k(c)?
2
What are the prime factors of (-10)/(-5)*37/2?
37
Suppose -t - 24 = 2*x + 2*x, 23 = -3*x - 2*t. What are the prime factors of (10/x)/(1/(-22))?
2, 11
Suppose -5*i - 2*z + 457 = 0, -4*i - z = -0*z - 368. List the prime factors of i.
3, 31
Let w(j) = j**2 + 4*j - 2. Let c be w(-4). What are the prime factors of 12 + -5 - 4/c?
3
Let h(p) = -3*p**3 + p**2 + p + 5. Let t(f) = -2*f**3 + f**2 + f + 3. Let j(z) = 5*h(z) - 8*t(z). Let g be j(3). Let n = g + 16. List the prime factors of n.
2
Let m(g) = g**3 - 2*g**2 + 5. Let n(q) = q**3 - 3*q**2 + 4. Let d(x) = 2*m(x) - 3*n(x). List the prime factors of d(4).
2, 7
Suppose -1 = -i + 2. Suppose -4*p + 2*u + 16 = -0*u, i*p - 12 = -4*u. Suppose -3*a - 13 = -p*a. What are the prime factors of a?
13
Suppose 2*j + 0*j - 24 = 0. Let v = -8 + j. Suppose v*w = 37 + 3. List the prime factors of w.
2, 5
Let q be ((-2)/2)/((-3)/9). Suppose 2*t - 2 = -0, 152 = q*k + 5*t. Suppose n - k = -5*s, 0*s - 5*s = -n - 51. What are the prime factors of s?
2, 5
Suppose 0 = -b - 2, 0 = -5*n + b + 13 + 9. Suppose -4*j = y - 15, 0 = 7*j - 2*j + n*y - 5. Let q = 8 - j. List the prime factors of q.
3
Let m = -86 + 129. Let f = -25 + m. What are the prime factors of f?
2, 3
Suppose 203 - 7 = 4*r. What are the prime factors of r?
7
List the prime factors of ((-2)/5)/(1/(-35)).
2, 7
Let b(w) = w**3 + 5*w**2 - 2*w - 3. Let s be b(-5). Let u(y) = y + 2. List the prime factors of u(s).
3
Suppose -4 = g + 15. Let k = g + 32. List the prime factors of k.
13
Suppose -k - 4 = j - 3, -5*k + 2*j + 16 = 0. Suppose k*y + 0*y - 48 = 0. What are the prime factors of y?
2, 3
Let u(n) = -2*n. Let k be u(-7). Let r = k - 10. What are the prime factors of r?
2
Suppose -3*n - 13 - 2 = 0, 5*h - 105 = 5*n. What are the prime factors of h?
2
Suppose -2*f = -4*f + 5*p - 3, 0 = 5*f - p - 27. Suppose -f*q = -4*q. Suppose -4 + q = -n. List the prime factors of n.
2
Suppose -5*r = -4*a + a - 391, 6 = 2*a. What are the prime factors of 32/r + 228/5?
2, 23
Let f = -15 + 123. List the prime factors of f.
2, 3
Let i(q) be the first derivative of q**5/60 + q**4/2 + 7*q**3/3 - 3*q**2/2 + 1. Let k(n) be the second derivative of i(n). What are the prime factors of k(-11)?
3
Let s = -3 + 3. Let a(w) = w**3 + w**2. Let k be a(s). What are the prime factors of 2 + (k/(-2))/(-2)?
2
Let p(i) = -2*i**3 - 2*i**2 - i - 1. Let n be p(-2). Let y(t) = -t**3 + 6*t**2 + 2*t - 9. Let f be y(6). Let k = n - f. What are the prime factors of k?
2, 3
Suppose -z = 3*z + 4. What are the prime factors of 5/((-10)/(-36)) + z?
17
Suppose -4*h = -8 - 12, -2*h = 3*b + 158. Let l = b + 93. What are the prime factors of l?
37
Let v(s) = -s**3 + 7*s**2 + 11*s - 8. Let a be v(7). Suppose -111 = 5*w + a. Let d = -26 - w. What are the prime factors of d?
2, 5
Let v = -367 - -516. List the prime factors of v.
149
Suppose -t = -3, z + 2*t = -3*t + 22. Let b = z + -4. List the prime factors of b.
3
Let a(s) = 2*s**2 - s - 18. Let p be a(4). Suppose 4*c - 172 = -4*r, 0 = 5*c - 5*r - 164 - 71. What are the prime factors of (c/25)/(3/p)?
2, 3
Let b = -332 + 590. Suppose -o - 3*o + 46 = 5*i, -5*o - 4*i = -62. What are the prime factors of b/21 + (-4)/o?
2, 3
Let w(o) = -5 - o - 2*o + 2*o. Let u(j) = j + 5. Let a(q) = -2*u(q) - 3*w(q). List the prime factors of a(4).
3
Suppose p + 131 = 2*h, p + 2*h = -4*p - 703. Let m = -92 - p. List the prime factors of m.
47
Suppose 0 = 2*f + 2 - 10. Suppose 0 = f*y - 40. Suppose t - 2*t + y = 0. List the prime factors of t.
2, 5
Let q(b) = b. Suppose 0 = -0*u + 4*u - 8. Suppose -5*s = -u - 38. List the prime factors of q(s).
2
Let w(h) = -h**2 - 9*h - 3. Let g(k) = 3*k + 18 - 2*k - k - 2*k. Let d be g(12). List the prime factors of w(d).
3, 5
Let t(r) = r**3 + 17*r**2 - 5*r. Let b be t(-17). Let x = b + -30. List the prime factors of x.
5, 11
List the prime factors of (-1)/(-2) - 1925/(-14).
2, 3, 23
Suppose 4*w = -w - 70. Let r = w + 25. What are the prime factors of r?
11
Suppose 5*c = -5*m + 220, 2*m = 5*m - 2*c - 132. List the prime factors of m.
2, 11
Let f be (-10)/(-3) - 4/(-6). Let m = -13 - -15. Suppose f = x + m. List the prime factors of x.
2
Let m be 0 + 0*3/6. Let j = m + 16. List the prime factors of j.
2
Let f = 6 - -58. Suppose -4*k + f = -20. What are the prime factors of k?
3, 7
Let c = 3 - 6. What are the prime factors of (-1 - c)/((-2)/(-15))?
3, 5
Suppose -3*r = -7*r + 280. What are the prime factors of (-3)/(-1)*r/6?
5, 7
Let a